{"id":131,"date":"2015-07-02T20:45:05","date_gmt":"2015-07-02T18:45:05","guid":{"rendered":"http:\/\/sanbartolomeysanjaime.es\/?page_id=131"},"modified":"2015-12-30T12:23:12","modified_gmt":"2015-12-30T11:23:12","slug":"parroquia-nules-castellon-iglesia-convento-de-la-sagrada-familia","status":"publish","type":"page","link":"https:\/\/sanbartolomeysanjaime.es\/index.php\/parroquia-nules-castellon-iglesia-convento-de-la-sagrada-familia\/","title":{"rendered":"Iglesia Convento de la Sagrada Familia"},"content":{"rendered":"<h2>Iglesia Convento de la Sagrada Familia<\/h2>\n<p><img loading=\"lazy\" decoding=\"async\" class=\"alignnone size-full wp-image-321\" src=\"http:\/\/sanbartolomeysanjaime.es\/wp-content\/uploads\/2015\/07\/parroquia-nules-san-bartolome-y-san-jaime-convento.jpg\" alt=\"parroquia nules san bartolome y san jaime convento\" width=\"1443\" height=\"528\" srcset=\"https:\/\/sanbartolomeysanjaime.es\/wp-content\/uploads\/2015\/07\/parroquia-nules-san-bartolome-y-san-jaime-convento.jpg 1443w, https:\/\/sanbartolomeysanjaime.es\/wp-content\/uploads\/2015\/07\/parroquia-nules-san-bartolome-y-san-jaime-convento-300x110.jpg 300w, https:\/\/sanbartolomeysanjaime.es\/wp-content\/uploads\/2015\/07\/parroquia-nules-san-bartolome-y-san-jaime-convento-1024x375.jpg 1024w\" sizes=\"(max-width: 1443px) 100vw, 1443px\" \/>El 7 de noviembre del a\u00f1o 1672 la reina regente otorgaba licencia real para la fundaci\u00f3n de un convento de carmelitas descalzos en Nules.<\/p>\n<p>La fundaci\u00f3n fue posible gracias a las m\u00e1s de 20.000 libras resultantes de la suma de los legados de Pere Just y de Jos\u00e9 Jer\u00f3nimo Navarro. Asimismo el Marqu\u00e9s de Nules hizo donaci\u00f3n de un extenso huerto, donde se hallaba la antigua ermita de San Miguel, para que en el se construyese el convento.<\/p>\n<p>El 29 de enero de 1673 los carmelitas descalzos tomaron posesi\u00f3n de dicha ermita, constituyendo de esta manera la comunidad de descalzos de Nules.<\/p>\n<p>A finales de ese mismo a\u00f1o la comunidad se traslado a una casa del arrabal de Villareal, situado extramuros de la villa.<\/p>\n<p>La primera piedra del convento se coloc\u00f3 el 9 de junio del a\u00f1o 1675 y cuatro a\u00f1os m\u00e1s tarde \u00e9ste era inaugurado.<\/p>\n<p>El principal arquitecto del convento de Nules fue fray Jos\u00e9 de la Concepci\u00f3n, conocido como \u201cel Tracista\u201d, oficial de la orden en la Provincia carmelitana de la Corona de Arag\u00f3n, dando la coincidencia de que muri\u00f3 en el convento de Nules el 11 de febrero del a\u00f1o 1689, donde se retir\u00f3, cuando regresaba de Castilla de supervisar las obras que dirig\u00eda en aquella provincia.<\/p>\n<p>En 1691 se inici\u00f3 la construcci\u00f3n de la iglesia; las obras no finalizaron hasta 26 a\u00f1os m\u00e1s tarde. En la construcci\u00f3n de la iglesia y claustro mayor trabajaron, Jos\u00e9 Pujante, maestro de obras, y Miguel Bueso, maestro cantero.<\/p>\n<p>En el \u201cLibro Verde\u201d de la fundaci\u00f3n del convento se deja constancia de las intervenciones arquitect\u00f3nicas y suntuarias realizadas a lo largo de todo el siglo XVIII, para dotar y ennoblecer el conjunto.<\/p>\n<p>Entre estas actuaciones hay que remarcar la construcci\u00f3n, entre 1737 y 1744, de la capilla del San Jos\u00e9, en la cual participaron los carmelitas fray Bernardo de la Purificaci\u00f3n, \u201ctracista\u201d de la Provincia, el hermano Manuel de la Virgen y el maestro de obras Juan Bautista Pujante.<br \/>\nEn 1754 el convento de Nules acogi\u00f3 la facultad de Teolog\u00eda de los carmelitas descalzos de la provincia de Arag\u00f3n, alcanzando la comunidad la cifra de 49 religiosos.<\/p>\n<p>Durante la ocupaci\u00f3n napole\u00f3nica, el convento fue abandonado por los religiosos, no sin antes esconder las campanas y aquellos elementos muebles m\u00e1s valiosos. Restablecida la normalidad, los frailes regresaron al convento, aunque por poco espacio de tiempo, pues con la desamortizaci\u00f3n de Mendiz\u00e1bal, \u00e9ste pas\u00f3 a manos privadas, lo que provoc\u00f3 la dispersi\u00f3n de la mayor parte los bienes muebles del mismo, entre ellos obras de arte y biblioteca. La iglesia fue reabierta al culto en diciembre de ese mismo a\u00f1o.<\/p>\n<p>A finales del siglo XIX, 1888, se instal\u00f3 en las dependencias del antiguo convento que restaban en pie una comunidad de monjas clarisas.<\/p>\n<p>La guerra Civil afect\u00f3 gravemente el conjunto, el cual, tras la contienda, fue reconstruido por Regiones Devastadas, bajo la direcci\u00f3n de Juli\u00e1n Francisco Fornies y Jos\u00e9 Luis Pastor.<\/p>\n<p>En 1976, la comunidad de monjas clarisas, despu\u00e9s de vender el convento y trasladarse al convento de Onda, a excepci\u00f3n de la iglesia, el secular edificio fue derribado.<\/p>\n<p>En la actualidad solo se conserva la iglesia del convento, que se ci\u00f1e estrictamente a la normativa cl\u00e1sica de la arquitectura de la orden del Carmen Descalzo; aunque con unas dimensiones impropias a las de la mayor\u00eda de los templos de la Orden, mucho m\u00e1s reducidas. Tampoco era habitual que la c\u00fapula fuera trasdosada al exterior, sino que estuviera cubierta con tejado a cuatro vertientes, tal como sucede, por ejemplo, con la iglesia del convento de San Jos\u00e9 de Valencia o con la del antiguo convento de Enguera.<\/p>\n<p>El templo, de planta de cruz latina, con nave central de cuatro tramos con el coro alto a los pies, crucero y capilla mayor, cubierta por b\u00f3veda de ca\u00f1\u00f3n con lunetos y c\u00fapula rebajada. En cada uno de los laterales de la nave central se ubican tres capillas, comunicadas entre si por estrechos pasos, a modo de deambulatorio claustral, cubiertas con b\u00f3vedas vaidas y separadas por pilastras toscanas y arcos de medio punto. Sobre el crucero la c\u00fapula trasdosada, apoyada sobre pechinas y tambor sin cuerpo de luces, cubierta con teja vidriada, con linterna; la antigua c\u00fapula carec\u00eda de linterna y estaba cubierta con teja sin vidriar.<\/p>\n<p>En el crucero, en el lado del evangelio, se abre la capilla de San Jos\u00e9, con rica decoraci\u00f3n de yeserias y esgrafiados a la que se accede por una gran portada, a modo de arco triunfal, con arco en esviaje sobre columnas de orden compuesto; la capilla esta cubierta por c\u00fapula el\u00edptica dotada con una esbelta linterna. El presbiterio es de cabecera plana con tribunas en los laterales. En el lado de la ep\u00edstola se conserva el hueco de la puerta que comunicaba con el claustro Mayor del conjunto conventual. El desaparecido convento ten\u00eda dos claustros, el Mayor y el Menor; ambos eran de una sola planta con austeras pilastras y arcos de medio punto, sobre ellos se hallaban ubicadas distintas estancias del convento.<\/p>\n<p>La fachada se ajusta magistralmente al modelo carmelitano, de dos plantas y con alerones laterales de enlace, triportico central y pilastras monumentales que ordenan toda la composici\u00f3n. El cuerpo central divido en dos \u00e1mbitos; en el bajo el p\u00f3rtico tripartito; en el superior, hornacina venerada para el titular del convento sobre la que se halla el escudo de la orden y a ambos lados sendas ventanas rectangulares. Se remata la fachada con un front\u00f3n triangular con \u00f3culo central.<\/p>\n<p>La iglesia est\u00e1 precedida por una plazoleta, a modo de atrio, cerrada por un murete de piedra decorado con pir\u00e1mides y bolas herrerianas.<\/p>\n<p>De la decoraci\u00f3n original del interior solamente se conserva la de las capillas de Santa Teresa y de San Jos\u00e9, la del arco de entrada a esta \u00faltima y el z\u00f3calo de azulejer\u00eda de mediados del siglo XVIII, que recorre tanto la nave central como capillas, crucero y presbiterio. Ha desaparecido la decoraci\u00f3n de placas recortadas que ornamentaba las pilastras de la nave central, las del crucero y las laterales de entrada a las capillas; las im\u00e1genes de santos de la Orden que se hallaban en las pilastras de la nave central y la decoraci\u00f3n de los arcos, a base de medallones con potente decoraci\u00f3n vegetal, y la decoraci\u00f3n de las pechinas de la c\u00fapula, decoradas originalmente con grandes hojas de cardo que enmarcaban los \u00f3valos en que se insertaban lienzos pintados.<\/p>\n<p>Vicent Felip Sempere, Cronista Oficial de la Vila<\/p>\n<p>Testimonios gr\u00e1ficos.<br \/>\nSarthou, 1913-15, p. 729. Olucha, 1983, p. 581. Torres, 1994, pp. 197, 202, 205. Felip, 1998, pp. 266, 270-272 Felip, 2000, vol. II, pp. 400-419. Gil, 2004, pp. 263-265.<\/p>\n<p>Testimonios documentales.<br \/>\nArchivo Parroquial de Nules (A.P:N.): Libro Verde de la fundaci\u00f3n de este convento; priores y difuntos, religiosos y seculares.<br \/>\nArchivo Hist\u00f3rico de Nules (A.H.Nu.): Resoluciones conciliares del Ayuntamiento de Nules, 1715-1722.<br \/>\nArchivo Silveriano: caj\u00f3n no. 51, letra LL.<br \/>\nArchivo de la Delegaci\u00f3n de Hacienda en Castell\u00f3n: Libreta 8, E. Benavent.<\/p>\n<p>Bibliograf\u00eda:<br \/>\nSilverio de Santa Teresa, 1942, pp. 736-740. Felip, 1978, p.360. Felip, 1979\/80. Felip, 1980, pp.372-394.<br \/>\nBenito y B\u00e9rchez, 1982, p.82. Olucha, 1983, pp. 580-582. Garc\u00eda, 1993, pp. 249, 252-254, 258. Torres, 1994, pp. 185-203.<br \/>\nFelip, 2000, vol. II, pp. 357-428. Gil, 2004, pp. 383-385.<\/p>\n<p>&nbsp;<\/p>\n","protected":false},"excerpt":{"rendered":"<p>Iglesia Convento de la Sagrada Familia El 7 de noviembre del a\u00f1o 1672 la reina regente otorgaba licencia real para la fundaci\u00f3n de un convento de carmelitas descalzos en Nules. La fundaci\u00f3n<a class=\"moretag\" href=\"https:\/\/sanbartolomeysanjaime.es\/index.php\/parroquia-nules-castellon-iglesia-convento-de-la-sagrada-familia\/\">Leer m\u00e1s&#8230;<\/a><\/p>\n","protected":false},"author":1,"featured_media":0,"parent":0,"menu_order":0,"comment_status":"closed","ping_status":"open","template":"","meta":{"footnotes":""},"_links":{"self":[{"href":"https:\/\/sanbartolomeysanjaime.es\/index.php\/wp-json\/wp\/v2\/pages\/131"}],"collection":[{"href":"https:\/\/sanbartolomeysanjaime.es\/index.php\/wp-json\/wp\/v2\/pages"}],"about":[{"href":"https:\/\/sanbartolomeysanjaime.es\/index.php\/wp-json\/wp\/v2\/types\/page"}],"author":[{"embeddable":true,"href":"https:\/\/sanbartolomeysanjaime.es\/index.php\/wp-json\/wp\/v2\/users\/1"}],"replies":[{"embeddable":true,"href":"https:\/\/sanbartolomeysanjaime.es\/index.php\/wp-json\/wp\/v2\/comments?post=131"}],"version-history":[{"count":9,"href":"https:\/\/sanbartolomeysanjaime.es\/index.php\/wp-json\/wp\/v2\/pages\/131\/revisions"}],"predecessor-version":[{"id":322,"href":"https:\/\/sanbartolomeysanjaime.es\/index.php\/wp-json\/wp\/v2\/pages\/131\/revisions\/322"}],"wp:attachment":[{"href":"https:\/\/sanbartolomeysanjaime.es\/index.php\/wp-json\/wp\/v2\/media?parent=131"}],"curies":[{"name":"wp","href":"https:\/\/api.w.org\/{rel}","templated":true}]}}

<h2>Iglesia Convento de la Sagrada Familia</h2>
<p><img loading="lazy" decoding="async" class="alignnone size-full wp-image-321" src="http://sanbartolomeysanjaime.es/wp-content/uploads/2015/07/parroquia-nules-san-bartolome-y-san-jaime-convento.jpg" alt="parroquia nules san bartolome y san jaime convento" width="1443" height="528" srcset="https://sanbartolomeysanjaime.es/wp-content/uploads/2015/07/parroquia-nules-san-bartolome-y-san-jaime-convento.jpg 1443w, https://sanbartolomeysanjaime.es/wp-content/uploads/2015/07/parroquia-nules-san-bartolome-y-san-jaime-convento-300x110.jpg 300w, https://sanbartolomeysanjaime.es/wp-content/uploads/2015/07/parroquia-nules-san-bartolome-y-san-jaime-convento-1024x375.jpg 1024w" sizes="(max-width: 1443px) 100vw, 1443px" />El 7 de noviembre del año 1672 la reina regente otorgaba licencia real para la fundación de un convento de carmelitas descalzos en Nules.</p>
<p>La fundación fue posible gracias a las más de 20.000 libras resultantes de la suma de los legados de Pere Just y de José Jerónimo Navarro. Asimismo el Marqués de Nules hizo donación de un extenso huerto, donde se hallaba la antigua ermita de San Miguel, para que en el se construyese el convento.</p>
<p>El 29 de enero de 1673 los carmelitas descalzos tomaron posesión de dicha ermita, constituyendo de esta manera la comunidad de descalzos de Nules.</p>
<p>A finales de ese mismo año la comunidad se traslado a una casa del arrabal de Villareal, situado extramuros de la villa.</p>
<p>La primera piedra del convento se colocó el 9 de junio del año 1675 y cuatro años más tarde éste era inaugurado.</p>
<p>El principal arquitecto del convento de Nules fue fray José de la Concepción, conocido como “el Tracista”, oficial de la orden en la Provincia carmelitana de la Corona de Aragón, dando la coincidencia de que murió en el convento de Nules el 11 de febrero del año 1689, donde se retiró, cuando regresaba de Castilla de supervisar las obras que dirigía en aquella provincia.</p>
<p>En 1691 se inició la construcción de la iglesia; las obras no finalizaron hasta 26 años más tarde. En la construcción de la iglesia y claustro mayor trabajaron, José Pujante, maestro de obras, y Miguel Bueso, maestro cantero.</p>
<p>En el “Libro Verde” de la fundación del convento se deja constancia de las intervenciones arquitectónicas y suntuarias realizadas a lo largo de todo el siglo XVIII, para dotar y ennoblecer el conjunto.</p>
<p>Entre estas actuaciones hay que remarcar la construcción, entre 1737 y 1744, de la capilla del San José, en la cual participaron los carmelitas fray Bernardo de la Purificación, “tracista” de la Provincia, el hermano Manuel de la Virgen y el maestro de obras Juan Bautista Pujante.<br />
En 1754 el convento de Nules acogió la facultad de Teología de los carmelitas descalzos de la provincia de Aragón, alcanzando la comunidad la cifra de 49 religiosos.</p>
<p>Durante la ocupación napoleónica, el convento fue abandonado por los religiosos, no sin antes esconder las campanas y aquellos elementos muebles más valiosos. Restablecida la normalidad, los frailes regresaron al convento, aunque por poco espacio de tiempo, pues con la desamortización de Mendizábal, éste pasó a manos privadas, lo que provocó la dispersión de la mayor parte los bienes muebles del mismo, entre ellos obras de arte y biblioteca. La iglesia fue reabierta al culto en diciembre de ese mismo año.</p>
<p>A finales del siglo XIX, 1888, se instaló en las dependencias del antiguo convento que restaban en pie una comunidad de monjas clarisas.</p>
<p>La guerra Civil afectó gravemente el conjunto, el cual, tras la contienda, fue reconstruido por Regiones Devastadas, bajo la dirección de Julián Francisco Fornies y José Luis Pastor.</p>
<p>En 1976, la comunidad de monjas clarisas, después de vender el convento y trasladarse al convento de Onda, a excepción de la iglesia, el secular edificio fue derribado.</p>
<p>En la actualidad solo se conserva la iglesia del convento, que se ciñe estrictamente a la normativa clásica de la arquitectura de la orden del Carmen Descalzo; aunque con unas dimensiones impropias a las de la mayoría de los templos de la Orden, mucho más reducidas. Tampoco era habitual que la cúpula fuera trasdosada al exterior, sino que estuviera cubierta con tejado a cuatro vertientes, tal como sucede, por ejemplo, con la iglesia del convento de San José de Valencia o con la del antiguo convento de Enguera.</p>
<p>El templo, de planta de cruz latina, con nave central de cuatro tramos con el coro alto a los pies, crucero y capilla mayor, cubierta por bóveda de cañón con lunetos y cúpula rebajada. En cada uno de los laterales de la nave central se ubican tres capillas, comunicadas entre si por estrechos pasos, a modo de deambulatorio claustral, cubiertas con bóvedas vaidas y separadas por pilastras toscanas y arcos de medio punto. Sobre el crucero la cúpula trasdosada, apoyada sobre pechinas y tambor sin cuerpo de luces, cubierta con teja vidriada, con linterna; la antigua cúpula carecía de linterna y estaba cubierta con teja sin vidriar.</p>
<p>En el crucero, en el lado del evangelio, se abre la capilla de San José, con rica decoración de yeserias y esgrafiados a la que se accede por una gran portada, a modo de arco triunfal, con arco en esviaje sobre columnas de orden compuesto; la capilla esta cubierta por cúpula elíptica dotada con una esbelta linterna. El presbiterio es de cabecera plana con tribunas en los laterales. En el lado de la epístola se conserva el hueco de la puerta que comunicaba con el claustro Mayor del conjunto conventual. El desaparecido convento tenía dos claustros, el Mayor y el Menor; ambos eran de una sola planta con austeras pilastras y arcos de medio punto, sobre ellos se hallaban ubicadas distintas estancias del convento.</p>
<p>La fachada se ajusta magistralmente al modelo carmelitano, de dos plantas y con alerones laterales de enlace, triportico central y pilastras monumentales que ordenan toda la composición. El cuerpo central divido en dos ámbitos; en el bajo el pórtico tripartito; en el superior, hornacina venerada para el titular del convento sobre la que se halla el escudo de la orden y a ambos lados sendas ventanas rectangulares. Se remata la fachada con un frontón triangular con óculo central.</p>
<p>La iglesia está precedida por una plazoleta, a modo de atrio, cerrada por un murete de piedra decorado con pirámides y bolas herrerianas.</p>
<p>De la decoración original del interior solamente se conserva la de las capillas de Santa Teresa y de San José, la del arco de entrada a esta última y el zócalo de azulejería de mediados del siglo XVIII, que recorre tanto la nave central como capillas, crucero y presbiterio. Ha desaparecido la decoración de placas recortadas que ornamentaba las pilastras de la nave central, las del crucero y las laterales de entrada a las capillas; las imágenes de santos de la Orden que se hallaban en las pilastras de la nave central y la decoración de los arcos, a base de medallones con potente decoración vegetal, y la decoración de las pechinas de la cúpula, decoradas originalmente con grandes hojas de cardo que enmarcaban los óvalos en que se insertaban lienzos pintados.</p>
<p>Vicent Felip Sempere, Cronista Oficial de la Vila</p>
<p>Testimonios gráficos.<br />
Sarthou, 1913-15, p. 729. Olucha, 1983, p. 581. Torres, 1994, pp. 197, 202, 205. Felip, 1998, pp. 266, 270-272 Felip, 2000, vol. II, pp. 400-419. Gil, 2004, pp. 263-265.</p>
<p>Testimonios documentales.<br />
Archivo Parroquial de Nules (A.P:N.): Libro Verde de la fundación de este convento; priores y difuntos, religiosos y seculares.<br />
Archivo Histórico de Nules (A.H.Nu.): Resoluciones conciliares del Ayuntamiento de Nules, 1715-1722.<br />
Archivo Silveriano: cajón no. 51, letra LL.<br />
Archivo de la Delegación de Hacienda en Castellón: Libreta 8, E. Benavent.</p>
<p>Bibliografía:<br />
Silverio de Santa Teresa, 1942, pp. 736-740. Felip, 1978, p.360. Felip, 1979/80. Felip, 1980, pp.372-394.<br />
Benito y Bérchez, 1982, p.82. Olucha, 1983, pp. 580-582. García, 1993, pp. 249, 252-254, 258. Torres, 1994, pp. 185-203.<br />
Felip, 2000, vol. II, pp. 357-428. Gil, 2004, pp. 383-385.</p>
<p>&nbsp;</p>

<p>Iglesia Convento de la Sagrada Familia El 7 de noviembre del año 1672 la reina regente otorgaba licencia real para la fundación de un convento de carmelitas descalzos en Nules. La fundación<a class="moretag" href="https://sanbartolomeysanjaime.es/index.php/parroquia-nules-castellon-iglesia-convento-de-la-sagrada-familia/">Leer más&#8230;</a></p>
