{"id":142,"date":"2015-07-02T20:47:15","date_gmt":"2015-07-02T18:47:15","guid":{"rendered":"http:\/\/sanbartolomeysanjaime.es\/?page_id=142"},"modified":"2015-12-30T12:23:11","modified_gmt":"2015-12-30T11:23:11","slug":"parroquia-nules-ermita-de-san-joaquin","status":"publish","type":"page","link":"https:\/\/sanbartolomeysanjaime.es\/index.php\/parroquia-nules-ermita-de-san-joaquin\/","title":{"rendered":"Ermita de San Joaqu\u00edn"},"content":{"rendered":"<h2>Ermita de San Joaqu\u00edn<\/h2>\n<p><img loading=\"lazy\" decoding=\"async\" class=\"alignnone size-full wp-image-350\" src=\"http:\/\/sanbartolomeysanjaime.es\/wp-content\/uploads\/2015\/07\/parroquia-nules-san-bartolome-y-san-jaime-san-joaquin.jpg\" alt=\"parroquia nules san bartolome y san jaime san joaquin\" width=\"1443\" height=\"528\" srcset=\"https:\/\/sanbartolomeysanjaime.es\/wp-content\/uploads\/2015\/07\/parroquia-nules-san-bartolome-y-san-jaime-san-joaquin.jpg 1443w, https:\/\/sanbartolomeysanjaime.es\/wp-content\/uploads\/2015\/07\/parroquia-nules-san-bartolome-y-san-jaime-san-joaquin-300x110.jpg 300w, https:\/\/sanbartolomeysanjaime.es\/wp-content\/uploads\/2015\/07\/parroquia-nules-san-bartolome-y-san-jaime-san-joaquin-1024x375.jpg 1024w\" sizes=\"(max-width: 1443px) 100vw, 1443px\" \/>La devoci\u00f3n a San Joaqu\u00edn fue impulsada en Nules por los carmelitas descalzos y debi\u00f3 de implantarse con bastante rapidez entre la poblaci\u00f3n., pues en 1708, Ana Cavaller, hizo donaci\u00f3n de un higueral que pose\u00eda en las afueras del arrabal del Portal de Valencia, situado al lado del camino Real, junto al puente del Olm, con la finalidad de que all\u00ed se construyese un ermitorio dedicado al Santo, con ermita, casa para el ermita\u00f1o y huerto para el sustento de \u00e9ste.<\/p>\n<p>El d\u00eda 26 de diciembre del citado a\u00f1o de 1708 se coloc\u00f3 la primera piedra de la ermita y en el acto estuvieron presentes los miembros del Ayuntamiento, el Marqu\u00e9s de Nules y su primog\u00e9nito.<\/p>\n<p>La ermita debi\u00f3 de estar construida en poco tiempo y las gentes del arrabal del Portal de Valencia que, ocasionalmente, hab\u00edan celebrado fiestas a Nuestra Se\u00f1ora del Carmen y a San Crist\u00f3bal, tomaron por Patr\u00f3n a San Joaqu\u00edn.<\/p>\n<p>Adem\u00e1s de las celebraciones propias de la festividad de San Joaqu\u00edn , a la ermita se sol\u00eda acudir en ocasiones especiales, sobretodo cuando se realizaban procesiones de rogativas; asimismo la ermita era el lugar desde donde, el d\u00eda de la Vera Cruz, en a\u00f1os alternos, se proced\u00eda a bendecir el t\u00e9rmino.<\/p>\n<p>Durante la ocupaci\u00f3n napole\u00f3nica la ermita fue profanada y en parte derruida, por cuya raz\u00f3n Jos\u00e9 Salinas, obispo de Tortosa prohibi\u00f3 que fuesen reconstruidas sin su licencia. Dicha prohibici\u00f3n fue reiterada por su sucesor, durante la visita pastoral de noviembre del a\u00f1o 1716.<\/p>\n<p>Sin embargo no pasaron dos a\u00f1os en que la ermita ya volvi\u00f3 a estar en condiciones de poder abrirse al culto, ya que en mayo de 1719 nos consta que all\u00ed se celebr\u00f3 una misa cantada de rogativas.<\/p>\n<p>En 1910, cuando aun no se hab\u00edan cumplido sus doscientos a\u00f1os de existencia, la ermita y casa del ermita\u00f1o se hallaban en estado ruinoso, por cuya raz\u00f3n el Alcalde, en fecha 21 de marzo, orden\u00f3 al ermita\u00f1o que la desalojase.<\/p>\n<p>A partir de dicho momento el ermitorio fue derruido, y se inici\u00f3 la construcci\u00f3n de una nueva ermita que ha llegado hasta nuestros d\u00edas.<\/p>\n<p>En el a\u00f1o 1926 la nueva ermita, de estilo neogotico, cuyas obras hab\u00eda planificado mos\u00e9n Trinitari Mariner, ya estaba terminada y fue abierta al culto.<\/p>\n<p>Durante la guerra Civil fue destruido el retablo del siglo XVIII, que procedente de la antigua ermita se hab\u00eda trasladado a la nueva y la imagen de San Joaqu\u00edn utilizada como tap\u00f3n de uno de los portillos de la acequia.<\/p>\n<p>Tras la guerra civil uno de los primeros actos que tuvieron lugar en dicha ermita fue el velatorio de los restos de los hijos de Nules asesinados durante la persecuci\u00f3n religiosa en Algar del Palancia; en esa misma \u00e9poca la que era plazoleta y huerto de la ermita Regiones Devastados las destin\u00f3 a plaza y calles adyacentes, mientras que con la construcci\u00f3n de la nueva N-340 se ocupo el otra parte, dejando solamente un resto al otro lado de la carretera..<\/p>\n<p>A mediados de los a\u00f1os 80 del pasado siglo se adapt\u00f3 el retablo de la Casa dels Alemans, que durante a\u00f1os hab\u00eda hecho las funciones de retablo del Sant\u00edsimo en la capilla de la Soledad, como retablo de la ermita.<\/p>\n<p>En la actualidad parte del resto de la huerta de la ermita, que parti\u00f3 la nueva N-340, incomprensiblemente, ha sido ocupado por una propiedad privada y el trazado de una calle.<\/p>\n<p><em>Vicent Felip Sempere, Cronista Oficial de la Vila<\/em><\/p>\n<p>Bibliograf\u00eda:<br \/>\nTorres, 1994, pp. 239-241; Felip, 1998, pp. 33-36, 55-58.<\/p>\n","protected":false},"excerpt":{"rendered":"<p>Ermita de San Joaqu\u00edn La devoci\u00f3n a San Joaqu\u00edn fue impulsada en Nules por los carmelitas descalzos y debi\u00f3 de implantarse con bastante rapidez entre la poblaci\u00f3n., pues en 1708, Ana Cavaller,<a class=\"moretag\" href=\"https:\/\/sanbartolomeysanjaime.es\/index.php\/parroquia-nules-ermita-de-san-joaquin\/\">Leer m\u00e1s&#8230;<\/a><\/p>\n","protected":false},"author":1,"featured_media":0,"parent":0,"menu_order":0,"comment_status":"closed","ping_status":"open","template":"","meta":{"footnotes":""},"_links":{"self":[{"href":"https:\/\/sanbartolomeysanjaime.es\/index.php\/wp-json\/wp\/v2\/pages\/142"}],"collection":[{"href":"https:\/\/sanbartolomeysanjaime.es\/index.php\/wp-json\/wp\/v2\/pages"}],"about":[{"href":"https:\/\/sanbartolomeysanjaime.es\/index.php\/wp-json\/wp\/v2\/types\/page"}],"author":[{"embeddable":true,"href":"https:\/\/sanbartolomeysanjaime.es\/index.php\/wp-json\/wp\/v2\/users\/1"}],"replies":[{"embeddable":true,"href":"https:\/\/sanbartolomeysanjaime.es\/index.php\/wp-json\/wp\/v2\/comments?post=142"}],"version-history":[{"count":4,"href":"https:\/\/sanbartolomeysanjaime.es\/index.php\/wp-json\/wp\/v2\/pages\/142\/revisions"}],"predecessor-version":[{"id":351,"href":"https:\/\/sanbartolomeysanjaime.es\/index.php\/wp-json\/wp\/v2\/pages\/142\/revisions\/351"}],"wp:attachment":[{"href":"https:\/\/sanbartolomeysanjaime.es\/index.php\/wp-json\/wp\/v2\/media?parent=142"}],"curies":[{"name":"wp","href":"https:\/\/api.w.org\/{rel}","templated":true}]}}

Ermita de San Joaquín

<h2>Ermita de San Joaquín</h2>
<p><img loading="lazy" decoding="async" class="alignnone size-full wp-image-350" src="http://sanbartolomeysanjaime.es/wp-content/uploads/2015/07/parroquia-nules-san-bartolome-y-san-jaime-san-joaquin.jpg" alt="parroquia nules san bartolome y san jaime san joaquin" width="1443" height="528" srcset="https://sanbartolomeysanjaime.es/wp-content/uploads/2015/07/parroquia-nules-san-bartolome-y-san-jaime-san-joaquin.jpg 1443w, https://sanbartolomeysanjaime.es/wp-content/uploads/2015/07/parroquia-nules-san-bartolome-y-san-jaime-san-joaquin-300x110.jpg 300w, https://sanbartolomeysanjaime.es/wp-content/uploads/2015/07/parroquia-nules-san-bartolome-y-san-jaime-san-joaquin-1024x375.jpg 1024w" sizes="(max-width: 1443px) 100vw, 1443px" />La devoción a San Joaquín fue impulsada en Nules por los carmelitas descalzos y debió de implantarse con bastante rapidez entre la población., pues en 1708, Ana Cavaller, hizo donación de un higueral que poseía en las afueras del arrabal del Portal de Valencia, situado al lado del camino Real, junto al puente del Olm, con la finalidad de que allí se construyese un ermitorio dedicado al Santo, con ermita, casa para el ermitaño y huerto para el sustento de éste.</p>
<p>El día 26 de diciembre del citado año de 1708 se colocó la primera piedra de la ermita y en el acto estuvieron presentes los miembros del Ayuntamiento, el Marqués de Nules y su primogénito.</p>
<p>La ermita debió de estar construida en poco tiempo y las gentes del arrabal del Portal de Valencia que, ocasionalmente, habían celebrado fiestas a Nuestra Señora del Carmen y a San Cristóbal, tomaron por Patrón a San Joaquín.</p>
<p>Además de las celebraciones propias de la festividad de San Joaquín , a la ermita se solía acudir en ocasiones especiales, sobretodo cuando se realizaban procesiones de rogativas; asimismo la ermita era el lugar desde donde, el día de la Vera Cruz, en años alternos, se procedía a bendecir el término.</p>
<p>Durante la ocupación napoleónica la ermita fue profanada y en parte derruida, por cuya razón José Salinas, obispo de Tortosa prohibió que fuesen reconstruidas sin su licencia. Dicha prohibición fue reiterada por su sucesor, durante la visita pastoral de noviembre del año 1716.</p>
<p>Sin embargo no pasaron dos años en que la ermita ya volvió a estar en condiciones de poder abrirse al culto, ya que en mayo de 1719 nos consta que allí se celebró una misa cantada de rogativas.</p>
<p>En 1910, cuando aun no se habían cumplido sus doscientos años de existencia, la ermita y casa del ermitaño se hallaban en estado ruinoso, por cuya razón el Alcalde, en fecha 21 de marzo, ordenó al ermitaño que la desalojase.</p>
<p>A partir de dicho momento el ermitorio fue derruido, y se inició la construcción de una nueva ermita que ha llegado hasta nuestros días.</p>
<p>En el año 1926 la nueva ermita, de estilo neogotico, cuyas obras había planificado mosén Trinitari Mariner, ya estaba terminada y fue abierta al culto.</p>
<p>Durante la guerra Civil fue destruido el retablo del siglo XVIII, que procedente de la antigua ermita se había trasladado a la nueva y la imagen de San Joaquín utilizada como tapón de uno de los portillos de la acequia.</p>
<p>Tras la guerra civil uno de los primeros actos que tuvieron lugar en dicha ermita fue el velatorio de los restos de los hijos de Nules asesinados durante la persecución religiosa en Algar del Palancia; en esa misma época la que era plazoleta y huerto de la ermita Regiones Devastados las destinó a plaza y calles adyacentes, mientras que con la construcción de la nueva N-340 se ocupo el otra parte, dejando solamente un resto al otro lado de la carretera..</p>
<p>A mediados de los años 80 del pasado siglo se adaptó el retablo de la Casa dels Alemans, que durante años había hecho las funciones de retablo del Santísimo en la capilla de la Soledad, como retablo de la ermita.</p>
<p>En la actualidad parte del resto de la huerta de la ermita, que partió la nueva N-340, incomprensiblemente, ha sido ocupado por una propiedad privada y el trazado de una calle.</p>
<p><em>Vicent Felip Sempere, Cronista Oficial de la Vila</em></p>
<p>Bibliografía:<br />
Torres, 1994, pp. 239-241; Felip, 1998, pp. 33-36, 55-58.</p>

<p>Ermita de San Joaquín La devoción a San Joaquín fue impulsada en Nules por los carmelitas descalzos y debió de implantarse con bastante rapidez entre la población., pues en 1708, Ana Cavaller,<a class="moretag" href="https://sanbartolomeysanjaime.es/index.php/parroquia-nules-ermita-de-san-joaquin/">Leer más&#8230;</a></p>
