{"id":2652,"date":"2022-09-20T10:58:32","date_gmt":"2022-09-20T08:58:32","guid":{"rendered":"https:\/\/sanbartolomeysanjaime.es\/?page_id=2652"},"modified":"2022-09-20T10:58:32","modified_gmt":"2022-09-20T08:58:32","slug":"presentacion","status":"publish","type":"page","link":"https:\/\/sanbartolomeysanjaime.es\/index.php\/presentacion\/","title":{"rendered":"Presentaci\u00f3n"},"content":{"rendered":"\n<h3>\n\t\t\u00abJes\u00fas les pregunt\u00f3: \u00abY vosotros \u00bfqui\u00e9n dec\u00eds que soy yo?\u00bb Sim\u00f3n Pedro respondi\u00f3: \u00abT\u00fa eres el Mes\u00edas, el Hijo de Dios vivo\u00bb. Jes\u00fas le dijo: \u00abDichoso t\u00fa, Sim\u00f3n, hijo de Juan, porque esto no te lo ha revelado ning\u00fan mortal, sino mi Padre que est\u00e1 en los cielos. Yo te digo: t\u00fa eres Pedro, y sobre esta piedra edificar\u00e9 mi Iglesia, y el poder del abismo no la har\u00e1 perecer. Te dar\u00e9 las llaves del Reino de los Cielos; lo que ates en la tierra quedar\u00e1 atado en el cielo, y lo que desates en la tierra quedar\u00e1 desatado en el cielo\u00bb\u00bb. (Mt. 16,15-19).\n\t<\/h3>\n\t\t\t\t<img decoding=\"async\" src=\"http:\/\/sanbartolomeysanjaime.es\/wp-content\/uploads\/2013\/10\/nules-parroquia-iglesia-corpus-christi-barraquetes-jesus.jpg\" alt=\"Parroquia Nules Diocesis Castell\u00f3n\" itemprop=\"image\" title=\"nules parroquia iglesia corpus christi barraquetes jesus\" onerror=\"this.style.display='none'\">\n\t<p>La Parroquia se encuentra en el municipio de Nules, provincia de Castell\u00f3n (Espa\u00f1a), bajo el pastoreo del P\u00e1rroco y Vicarios; en comuni\u00f3n y bajo el pastoreo de nuestro Pastor, Padre y Obispo, sucesor de los Ap\u00f3stoles, que gu\u00eda esta Di\u00f3cesis de Segorbe-Castell\u00f3n.<\/p>\n<p>El Obispo como sucesor de los Ap\u00f3stoles nos une en comuni\u00f3n al Papa, al Santo Padre, a Pedro, a quien Jes\u00fas el Se\u00f1or, el Mes\u00edas, \u00fanico Salvador, dej\u00f3 las riendas de la Iglesia, Cuerpo M\u00edstico de Cristo.<\/p>\n<p>As\u00ed como Jes\u00fas durante su vida terrena no hizo nada sin su Cuerpo F\u00edsico, as\u00ed ahora durante su vida gloriosa no hace nada sin su Cuerpo M\u00edstico, que es la Iglesia.<\/p>\n<p>Es la \u00fanica Parroquia de este municipio, salvando la existencia de la Parroquia San Agust\u00edn en Mascarell. La Parroquia de San Bartolome y San Jaime es una parroquia rica, s\u00ed, muy rica. Nuestra riqueza, gracias a Dios, no es la econ\u00f3mica.<\/p>\n\t<p>Nuestra mejor y mayor riqueza son las personas tanto en calidad, como en cantidad a juzgar por su numero y por las horas que invierten en bien de la Parroquia, cada uno seg\u00fan sus propios talentos, unos m\u00e1s vistosos, otros m\u00e1s escondidos, los hay m\u00e1s valorados socialmente y los hay menos valorados socialmente, pero a cual mejor, todos necesarios: se\u00f1oras de la limpieza, ministros extraordinarios de la comuni\u00f3n, personal en el despacho parroquial, catequistas, sacristanas y un largo etc\u00e9tera.<\/p>\n<p>Nuestra riqueza es el amor a la persona del Sacerdote, ll\u00e1mese como se llame, Alter Christus, manos consagradas, coraz\u00f3n indiviso.<\/p>\n<p>Nuestra riqueza es la fe que nos han legado, plasmada en la elevada torre-campanario c\u00e9ntrica en el pueblo, y fija enfrente de las carreteras que llevan al pueblo. Plasmada la fe de nuestros antepasados, tambi\u00e9n en el n\u00famero elevado de iglesias, capillas, ermitas que siembran lo ancho y largo de la poblaci\u00f3n. Nos recuerda cuan necesario es buscar y reencontrar nuestras ra\u00edces que nos han llevado a ser lo que somos.<\/p>\n<p>Nuestra riqueza es la presencia singular y numerosa de Jesucristo, corporalmente presente en cada Sagrario, donde vive y act\u00faa. Tambi\u00e9n los sagrarios siembran lo ancho y largo del pueblo. Y por si esto fuera poco, agradecidos hemos recibido del Se\u00f1or el gran don que nos ha concedido de la Adoraci\u00f3n Eucaristica Perpet\u00faa; \u00a1es el Se\u00f1or! d\u00eda y noche, y todos los d\u00edas del a\u00f1o, adorado por sus casi cuatrocientos adoradores que ofrecen una hora semanal ma\u00f1anera, vespertina o nocturna. \u00a1Bendito sea Dios! \u00a1Adorado sea Dios!. Una palabra: gracias, gracias, gracias.<\/p>\n<p>Nuestra riqueza son las fiestas singulares en honor a Jesucristo-Eucarist\u00eda: Corpus Christi, les Barraquetes, el Nostre Senyor y mensualmente la Minerva y la Adoraci\u00f3n Nocturna en sus vigilias nocturnas.<\/p>\n<p>Nuestra riqueza es la diversidad de barrios, calles y grupos con sus devociones y amistades con los distintos santos que los hacen vibrar al un\u00edsono, y siempre unidos en comuni\u00f3n con la \u00fanica Parroquia, en la Comunidad Parroquial. No podemos vivir a modo de grupos independientes, sino en comuni\u00f3n a modo de una banda de musica. Como cada instrumento de la banda de m\u00fasica cada iglesia, capilla o ermita con sus devotos, vivimos unidos a los dem\u00e1s instrumentos, porque s\u00f3los no somos nada, pero en comuni\u00f3n formamos la Parroquia. No lo podemos olvidar: no somos varias parroquias, somos una s\u00f3la Parroquia, con un director que debe llevar \u00abla batuta\u00bb de modo que en comuni\u00f3n ofrezcamos esa buena m\u00fasica que a cada uno nos ayudar\u00e1 para ir al Cielo, que es con mucho lo mejor. Es lo que queremos, ir al Cielo.<\/p>\n<p>Nuestra riqueza son las distintas sensibilidades espirituales, prueba de la vida espiritual de sus gentes. El Esp\u00edritu Santo ha suscitado a lo largo de la historia los distintos carismas y asociaciones de fieles, con un \u00fanico objetivo buscar a Jesucristo e imitarle. Muchos de ellos presentes en nuestra Parroquia, formando un solo cuerpo con Ella, en Comunidad Parroquial.<\/p>\n<p>Gracias, gracias, gracias sean dadas a Dios, por tantos bienes que nos has dispensado.<\/p>\n<p>Mare de Deu de la Soletat, sed protectora de vuestra villa de Nules que os venera.<\/p>\n\t\t\t\t<img decoding=\"async\" src=\"http:\/\/sanbartolomeysanjaime.es\/wp-content\/uploads\/2015\/10\/parroquia-nules-martires-Urnas-en-la-arciprestal.gif\" alt=\"Parroquia Nules Diocesis Castell\u00f3n\" itemprop=\"image\" title=\"parroquia nules martires-Urnas-en-la-arciprestal\" onerror=\"this.style.display='none'\">\n\t\t\t\t<img decoding=\"async\" src=\"http:\/\/sanbartolomeysanjaime.es\/wp-content\/uploads\/2017\/06\/j\u00f3venes-2.jpg\" alt=\"j\u00f3venes\" itemprop=\"image\" title=\"j\u00f3venes\" onerror=\"this.style.display='none'\">\n\t\t\t\t<img decoding=\"async\" src=\"http:\/\/sanbartolomeysanjaime.es\/wp-content\/uploads\/2016\/09\/IMG-20160918-WA0001.jpg\" alt=\"img-20160918-wa0001\" itemprop=\"image\" title=\"img-20160918-wa0001\" onerror=\"this.style.display='none'\">\n","protected":false},"excerpt":{"rendered":"<p>\u00abJes\u00fas les pregunt\u00f3: \u00abY vosotros \u00bfqui\u00e9n dec\u00eds que soy yo?\u00bb Sim\u00f3n Pedro respondi\u00f3: \u00abT\u00fa eres el Mes\u00edas, el Hijo de Dios vivo\u00bb. Jes\u00fas le dijo: \u00abDichoso t\u00fa, Sim\u00f3n, hijo de Juan, porque<a class=\"moretag\" href=\"https:\/\/sanbartolomeysanjaime.es\/index.php\/presentacion\/\">Leer m\u00e1s&#8230;<\/a><\/p>\n","protected":false},"author":1,"featured_media":0,"parent":0,"menu_order":0,"comment_status":"closed","ping_status":"open","template":"page_full-width.php","meta":{"footnotes":""},"_links":{"self":[{"href":"https:\/\/sanbartolomeysanjaime.es\/index.php\/wp-json\/wp\/v2\/pages\/2652"}],"collection":[{"href":"https:\/\/sanbartolomeysanjaime.es\/index.php\/wp-json\/wp\/v2\/pages"}],"about":[{"href":"https:\/\/sanbartolomeysanjaime.es\/index.php\/wp-json\/wp\/v2\/types\/page"}],"author":[{"embeddable":true,"href":"https:\/\/sanbartolomeysanjaime.es\/index.php\/wp-json\/wp\/v2\/users\/1"}],"replies":[{"embeddable":true,"href":"https:\/\/sanbartolomeysanjaime.es\/index.php\/wp-json\/wp\/v2\/comments?post=2652"}],"version-history":[{"count":1,"href":"https:\/\/sanbartolomeysanjaime.es\/index.php\/wp-json\/wp\/v2\/pages\/2652\/revisions"}],"predecessor-version":[{"id":2653,"href":"https:\/\/sanbartolomeysanjaime.es\/index.php\/wp-json\/wp\/v2\/pages\/2652\/revisions\/2653"}],"wp:attachment":[{"href":"https:\/\/sanbartolomeysanjaime.es\/index.php\/wp-json\/wp\/v2\/media?parent=2652"}],"curies":[{"name":"wp","href":"https:\/\/api.w.org\/{rel}","templated":true}]}}