{"id":947,"date":"2016-09-12T17:57:05","date_gmt":"2016-09-12T15:57:05","guid":{"rendered":"http:\/\/sanbartolomeysanjaime.es\/?page_id=947"},"modified":"2017-09-05T19:44:10","modified_gmt":"2017-09-05T17:44:10","slug":"taller-de-expresion-artistica-para-adultos-dibujo-y-pintura","status":"publish","type":"page","link":"https:\/\/sanbartolomeysanjaime.es\/index.php\/nuestra-parroquia\/actividades-pastorales\/adultos\/taller-de-expresion-artistica-para-adultos-dibujo-y-pintura\/","title":{"rendered":"Taller de Arte para adultos (Dibujo y Pintura)"},"content":{"rendered":"<h3 style=\"text-align: right;\"><\/h3>\n<p><a href=\"http:\/\/sanbartolomeysanjaime.es\/wp-content\/uploads\/2016\/09\/Logo-Taller-de-Arte.jpg\"><img loading=\"lazy\" decoding=\"async\" class=\"wp-image-1580 aligncenter\" src=\"http:\/\/sanbartolomeysanjaime.es\/wp-content\/uploads\/2016\/09\/Logo-Taller-de-Arte-192x300.jpg\" alt=\"\" width=\"291\" height=\"455\" srcset=\"https:\/\/sanbartolomeysanjaime.es\/wp-content\/uploads\/2016\/09\/Logo-Taller-de-Arte-192x300.jpg 192w, https:\/\/sanbartolomeysanjaime.es\/wp-content\/uploads\/2016\/09\/Logo-Taller-de-Arte.jpg 513w\" sizes=\"(max-width: 291px) 100vw, 291px\" \/><\/a><\/p>\n<h3><em>PARROQUIA San BARTOLOM\u00c9 y San JAIME<\/em><\/h3>\n<h6>Plaza Mayor, 10 NULES (Castell\u00f3n)<br \/>\nTel. 964 67 05 41<\/h6>\n<h6><a href=\"mailto:despacho@sanbartolomeysanjaime.es\"><u><span style=\"color: #a8a8a8;\">despacho@sanbartolomeysanjaime.es<\/span><\/u><\/a><\/h6>\n<h3 style=\"text-align: right;\"><\/h3>\n<h3>\u00a0Carta de presentaci\u00f3n del Taller de Expresi\u00f3n Art\u00edstica (Dibujo y Pintura)\u00a0para Adultos<\/h3>\n<p><a href=\"http:\/\/sanbartolomeysanjaime.es\/wp-content\/uploads\/2016\/09\/Presentaci\u00f3n-TEA-adultos.pdf\" target=\"_blank\" rel=\"noopener noreferrer\">Presentaci\u00f3n del Taller<\/a><\/p>\n<h3>Solicitud de inscripci\u00f3n al Taller de Expresi\u00f3n Art\u00edstica (Dibujo y Pintura) para adultos.<\/h3>\n<p><a href=\"http:\/\/sanbartolomeysanjaime.es\/wp-content\/uploads\/2016\/09\/Taller-de-Expresi\u00f3n-Artistica-Solicitud-adultos-1.pdf\" target=\"_blank\" rel=\"noopener noreferrer\">Ficha de inscripci\u00f3n al Taller de Expresi8\u00f3n Art\u00edstica para adultos<\/a><\/p>\n<p>&nbsp;<\/p>\n<h6>Para m\u00e1s informaci\u00f3n:<\/h6>\n<h6><span class=\"t\"><a href=\"mailto:despacho@sanbartolomeysanjaime.es\" target=\"_blank\" rel=\"noopener noreferrer\"><u><span style=\"color: #a8a8a8;\">despacho@sanbartolomeysanjaime.es<\/span><\/u><\/a><\/span><\/h6>\n<h6>Dios nos bendiga<\/h6>\n<h6><\/h6>\n<h6><em><span style=\"color: #800000;\"><strong>Jn 1, 36-39\u00a0 <\/strong><\/span><span style=\"color: #800000;\"><strong>Fij\u00e1ndose en Jes\u00fas que pasaba, dice: \u00abHe ah\u00ed el Cordero de Dios.\u00bb <\/strong><\/span><span style=\"color: #800000;\"><strong>Los dos disc\u00edpulos le oyeron hablar as\u00ed y siguieron a Jes\u00fas. <\/strong><\/span><span style=\"color: #800000;\"><strong>Jes\u00fas se volvi\u00f3, y al ver que le segu\u00edan les dice: \u00ab\u00bfQu\u00e9 busc\u00e1is?\u00bb Ellos le respondieron: \u00abRabb\u00ed &#8211; que quiere decir, \u00abMaestro\u00bb &#8211; \u00bfd\u00f3nde vives?\u00bb\u00a0\u00a0<\/strong><\/span><span style=\"color: #800000;\"><strong>Les respondi\u00f3: \u00abVenid y lo ver\u00e9is.\u00bb Fueron, pues, vieron d\u00f3nde viv\u00eda y se quedaron con \u00e9l aquel d\u00eda. Era m\u00e1s o menos la hora d\u00e9cima.\u00a0<\/strong> <\/span><\/em><\/h6>\n<p>&nbsp;<\/p>\n<p>&nbsp;<\/p>\n<p>&nbsp;<\/p>\n<p>&nbsp;<\/p>\n<p>&nbsp;<\/p>\n","protected":false},"excerpt":{"rendered":"<p>PARROQUIA San BARTOLOM\u00c9 y San JAIME Plaza Mayor, 10 NULES (Castell\u00f3n) Tel. 964 67 05 41 despacho@sanbartolomeysanjaime.es \u00a0Carta de presentaci\u00f3n del Taller de Expresi\u00f3n Art\u00edstica (Dibujo y Pintura)\u00a0para Adultos Presentaci\u00f3n del Taller<a class=\"moretag\" href=\"https:\/\/sanbartolomeysanjaime.es\/index.php\/nuestra-parroquia\/actividades-pastorales\/adultos\/taller-de-expresion-artistica-para-adultos-dibujo-y-pintura\/\">Leer m\u00e1s&#8230;<\/a><\/p>\n","protected":false},"author":1,"featured_media":0,"parent":816,"menu_order":0,"comment_status":"closed","ping_status":"closed","template":"","meta":{"footnotes":""},"_links":{"self":[{"href":"https:\/\/sanbartolomeysanjaime.es\/index.php\/wp-json\/wp\/v2\/pages\/947"}],"collection":[{"href":"https:\/\/sanbartolomeysanjaime.es\/index.php\/wp-json\/wp\/v2\/pages"}],"about":[{"href":"https:\/\/sanbartolomeysanjaime.es\/index.php\/wp-json\/wp\/v2\/types\/page"}],"author":[{"embeddable":true,"href":"https:\/\/sanbartolomeysanjaime.es\/index.php\/wp-json\/wp\/v2\/users\/1"}],"replies":[{"embeddable":true,"href":"https:\/\/sanbartolomeysanjaime.es\/index.php\/wp-json\/wp\/v2\/comments?post=947"}],"version-history":[{"count":26,"href":"https:\/\/sanbartolomeysanjaime.es\/index.php\/wp-json\/wp\/v2\/pages\/947\/revisions"}],"predecessor-version":[{"id":1582,"href":"https:\/\/sanbartolomeysanjaime.es\/index.php\/wp-json\/wp\/v2\/pages\/947\/revisions\/1582"}],"up":[{"embeddable":true,"href":"https:\/\/sanbartolomeysanjaime.es\/index.php\/wp-json\/wp\/v2\/pages\/816"}],"wp:attachment":[{"href":"https:\/\/sanbartolomeysanjaime.es\/index.php\/wp-json\/wp\/v2\/media?parent=947"}],"curies":[{"name":"wp","href":"https:\/\/api.w.org\/{rel}","templated":true}]}}